[INFO] cloning repository https://github.com/posix4e/rust-style
[INFO] running `Command { std: "git" "-c" "credential.helper=" "-c" "credential.helper=/workspace/cargo-home/bin/git-credential-null" "clone" "--bare" "https://github.com/posix4e/rust-style" "/workspace/cache/git-repos/https%3A%2F%2Fgithub.com%2Fposix4e%2Frust-style", kill_on_drop: false }`
[INFO] [stderr] Cloning into bare repository '/workspace/cache/git-repos/https%3A%2F%2Fgithub.com%2Fposix4e%2Frust-style'...
[INFO] running `Command { std: "git" "rev-parse" "HEAD", kill_on_drop: false }`
[INFO] [stdout] 390b8712ab021effec3c5ea49b9ee5a9b9493e4b
[INFO] checking posix4e/rust-style against try#72f88fc4e9458f89516a0b8b0868f3718aec5b47 for pr-74989
[INFO] running `Command { std: "git" "clone" "/workspace/cache/git-repos/https%3A%2F%2Fgithub.com%2Fposix4e%2Frust-style" "/workspace/builds/worker-6/source", kill_on_drop: false }`
[INFO] [stderr] Cloning into '/workspace/builds/worker-6/source'...
[INFO] [stderr] done.
[INFO] validating manifest of git repo https://github.com/posix4e/rust-style on toolchain 72f88fc4e9458f89516a0b8b0868f3718aec5b47
[INFO] running `Command { std: "/workspace/cargo-home/bin/cargo" "+72f88fc4e9458f89516a0b8b0868f3718aec5b47" "read-manifest" "--manifest-path" "Cargo.toml", kill_on_drop: false }`
[INFO] started tweaking git repo https://github.com/posix4e/rust-style
[INFO] finished tweaking git repo https://github.com/posix4e/rust-style
[INFO] tweaked toml for git repo https://github.com/posix4e/rust-style written to /workspace/builds/worker-6/source/Cargo.toml
[INFO] crate git repo https://github.com/posix4e/rust-style already has a lockfile, it will not be regenerated
[INFO] running `Command { std: "/workspace/cargo-home/bin/cargo" "+72f88fc4e9458f89516a0b8b0868f3718aec5b47" "fetch" "--locked" "--manifest-path" "Cargo.toml", kill_on_drop: false }`
[INFO] [stderr]     Blocking waiting for file lock on package cache
[INFO] [stderr] error: the lock file /workspace/builds/worker-6/source/Cargo.lock needs to be updated but --locked was passed to prevent this
[INFO] [stderr] If you want to try to generate the lock file without accessing the network, use the --offline flag.
[INFO] the lockfile is outdated, regenerating it
[INFO] running `Command { std: "/workspace/cargo-home/bin/cargo" "+72f88fc4e9458f89516a0b8b0868f3718aec5b47" "generate-lockfile" "--manifest-path" "Cargo.toml" "-Zno-index-update", kill_on_drop: false }`
[INFO] [stderr]     Blocking waiting for file lock on package cache
[INFO] running `Command { std: "/workspace/cargo-home/bin/cargo" "+72f88fc4e9458f89516a0b8b0868f3718aec5b47" "fetch" "--locked" "--manifest-path" "Cargo.toml", kill_on_drop: false }`
[INFO] [stderr]     Blocking waiting for file lock on package cache
[INFO] [stderr]  Downloading crates ...
[INFO] [stderr]   Downloaded diff v0.1.12
[INFO] running `Command { std: "docker" "create" "-v" "/var/lib/crater-agent-workspace/builds/worker-6/target:/opt/rustwide/target:rw,Z" "-v" "/var/lib/crater-agent-workspace/builds/worker-6/source:/opt/rustwide/workdir:ro,Z" "-v" "/var/lib/crater-agent-workspace/cargo-home:/opt/rustwide/cargo-home:ro,Z" "-v" "/var/lib/crater-agent-workspace/rustup-home:/opt/rustwide/rustup-home:ro,Z" "-e" "SOURCE_DIR=/opt/rustwide/workdir" "-e" "CARGO_TARGET_DIR=/opt/rustwide/target" "-e" "CARGO_HOME=/opt/rustwide/cargo-home" "-e" "RUSTUP_HOME=/opt/rustwide/rustup-home" "-w" "/opt/rustwide/workdir" "-m" "1610612736" "--user" "0:0" "--network" "none" "rustops/crates-build-env@sha256:d92eaeed33fa75130ca1ee6c8a01d1ffb62bac859dfdfb3450e3e5d1c0146529" "/opt/rustwide/cargo-home/bin/cargo" "+72f88fc4e9458f89516a0b8b0868f3718aec5b47" "metadata" "--no-deps" "--format-version=1", kill_on_drop: false }`
[INFO] [stdout] 93ae327ec9667259fad3177bdb972974c53a9fba63bc8c5df81029392109ad12
[INFO] [stderr] WARNING: Your kernel does not support swap limit capabilities or the cgroup is not mounted. Memory limited without swap.
[INFO] running `Command { std: "docker" "start" "-a" "93ae327ec9667259fad3177bdb972974c53a9fba63bc8c5df81029392109ad12", kill_on_drop: false }`
[INFO] running `Command { std: "docker" "inspect" "93ae327ec9667259fad3177bdb972974c53a9fba63bc8c5df81029392109ad12", kill_on_drop: false }`
[INFO] running `Command { std: "docker" "rm" "-f" "93ae327ec9667259fad3177bdb972974c53a9fba63bc8c5df81029392109ad12", kill_on_drop: false }`
[INFO] [stdout] 93ae327ec9667259fad3177bdb972974c53a9fba63bc8c5df81029392109ad12
[INFO] running `Command { std: "docker" "create" "-v" "/var/lib/crater-agent-workspace/builds/worker-6/target:/opt/rustwide/target:rw,Z" "-v" "/var/lib/crater-agent-workspace/builds/worker-6/source:/opt/rustwide/workdir:ro,Z" "-v" "/var/lib/crater-agent-workspace/cargo-home:/opt/rustwide/cargo-home:ro,Z" "-v" "/var/lib/crater-agent-workspace/rustup-home:/opt/rustwide/rustup-home:ro,Z" "-e" "SOURCE_DIR=/opt/rustwide/workdir" "-e" "CARGO_TARGET_DIR=/opt/rustwide/target" "-e" "CARGO_INCREMENTAL=0" "-e" "RUST_BACKTRACE=full" "-e" "RUSTFLAGS=--cap-lints=forbid" "-e" "CARGO_HOME=/opt/rustwide/cargo-home" "-e" "RUSTUP_HOME=/opt/rustwide/rustup-home" "-w" "/opt/rustwide/workdir" "-m" "1610612736" "--user" "0:0" "--network" "none" "rustops/crates-build-env@sha256:d92eaeed33fa75130ca1ee6c8a01d1ffb62bac859dfdfb3450e3e5d1c0146529" "/opt/rustwide/cargo-home/bin/cargo" "+72f88fc4e9458f89516a0b8b0868f3718aec5b47" "check" "--frozen" "--all" "--all-targets" "--message-format=json", kill_on_drop: false }`
[INFO] [stderr] WARNING: Your kernel does not support swap limit capabilities or the cgroup is not mounted. Memory limited without swap.
[INFO] [stdout] d000e2746a92706a0e4f6f4a1c4a2f71d407cf36eb240610f03495c0a529c47e
[INFO] running `Command { std: "docker" "start" "-a" "d000e2746a92706a0e4f6f4a1c4a2f71d407cf36eb240610f03495c0a529c47e", kill_on_drop: false }`
[INFO] [stderr]    Compiling unicode-xid v0.2.1
[INFO] [stderr]    Compiling autocfg v0.1.7
[INFO] [stderr]    Compiling serde v1.0.116
[INFO] [stderr]    Compiling autocfg v1.0.1
[INFO] [stderr]    Compiling ryu v1.0.5
[INFO] [stderr]    Compiling log v0.4.11
[INFO] [stderr]     Checking unicode-xid v0.1.0
[INFO] [stderr]     Checking itoa v0.4.6
[INFO] [stderr]     Checking regex-syntax v0.6.18
[INFO] [stderr]     Checking strsim v0.9.3
[INFO] [stderr]     Checking bitflags v0.9.1
[INFO] [stderr]     Checking glob v0.3.0
[INFO] [stderr]     Checking rustc-serialize v0.3.24
[INFO] [stderr]     Checking typed-arena v2.0.1
[INFO] [stderr]     Checking diff v0.1.12
[INFO] [stderr]    Compiling proc-macro2 v1.0.21
[INFO] [stderr]     Checking rand_os v0.1.3
[INFO] [stderr]    Compiling extprim v1.7.1
[INFO] [stderr]     Checking aho-corasick v0.7.13
[INFO] [stderr]    Compiling rand_pcg v0.1.2
[INFO] [stderr]    Compiling rand_chacha v0.1.1
[INFO] [stderr]    Compiling rand v0.6.5
[INFO] [stderr]    Compiling num-traits v0.2.12
[INFO] [stderr]    Compiling quote v1.0.7
[INFO] [stderr]     Checking log v0.3.9
[INFO] [stderr]    Compiling syn v1.0.41
[INFO] [stderr]     Checking regex v1.3.9
[INFO] [stderr]    Compiling serde_derive v1.0.116
[INFO] [stderr]     Checking syntex_pos v0.59.1
[INFO] [stderr]     Checking serde_json v1.0.57
[INFO] [stderr]     Checking docopt v1.1.0
[INFO] [stderr]     Checking toml v0.5.6
[INFO] [stderr]     Checking syntex_errors v0.59.1
[INFO] [stderr]     Checking syntex_syntax v0.59.1
[INFO] [stderr]     Checking rust-style v0.0.1 (/opt/rustwide/workdir)
[INFO] [stdout] error[E0432]: unresolved import `toml::Table`
[INFO] [stdout]  --> src/format_options.rs:4:25
[INFO] [stdout]   |
[INFO] [stdout] 4 | use toml::{self, Value, Table};
[INFO] [stdout]   |                         ^^^^^ no `Table` in the root
[INFO] [stdout] 
[INFO] [stdout] 
[INFO] [stdout] error[E0432]: unresolved import `syntax::codemap::mk_sp`
[INFO] [stdout]  --> src/source.rs:3:23
[INFO] [stdout]   |
[INFO] [stdout] 3 | use syntax::codemap::{mk_sp, Span, Pos, BytePos};
[INFO] [stdout]   |                       ^^^^^ no `mk_sp` in `codemap`
[INFO] [stdout] 
[INFO] [stdout] 
[INFO] [stdout] error[E0432]: unresolved import `syntax::parse::lexer::Reader`
[INFO] [stdout]  --> src/source.rs:4:42
[INFO] [stdout]   |
[INFO] [stdout] 4 | use syntax::parse::lexer::{StringReader, Reader};
[INFO] [stdout]   |                                          ^^^^^^ no `Reader` in `parse::lexer`
[INFO] [stdout] 
[INFO] [stdout] 
[INFO] [stdout] error[E0432]: unresolved import `syntax::codemap::mk_sp`
[INFO] [stdout]  --> src/token.rs:2:23
[INFO] [stdout]   |
[INFO] [stdout] 2 | use syntax::codemap::{mk_sp, Span, BytePos};
[INFO] [stdout]   |                       ^^^^^ no `mk_sp` in `codemap`
[INFO] [stdout] 
[INFO] [stdout] 
[INFO] [stdout] error[E0432]: unresolved import `syntax::codemap::mk_sp`
[INFO] [stdout]  --> src/unwrapped_line.rs:2:23
[INFO] [stdout]   |
[INFO] [stdout] 2 | use syntax::codemap::{mk_sp, BytePos};
[INFO] [stdout]   |                       ^^^^^ no `mk_sp` in `codemap`
[INFO] [stdout] 
[INFO] [stdout] 
[INFO] [stdout] error[E0432]: unresolved import `syntax::codemap::mk_sp`
[INFO] [stdout]  --> src/whitespace_manager.rs:5:23
[INFO] [stdout]   |
[INFO] [stdout] 5 | use syntax::codemap::{mk_sp, Span, BytePos};
[INFO] [stdout]   |                       ^^^^^ no `mk_sp` in `codemap`
[INFO] [stdout] 
[INFO] [stdout] 
[INFO] [stdout] error[E0432]: unresolved import `toml::Table`
[INFO] [stdout]  --> src/format_options.rs:4:25
[INFO] [stdout]   |
[INFO] [stdout] 4 | use toml::{self, Value, Table};
[INFO] [stdout]   |                         ^^^^^ no `Table` in the root
[INFO] [stdout] 
[INFO] [stdout] 
[INFO] [stdout] error[E0432]: unresolved import `syntax::codemap::mk_sp`
[INFO] [stdout]  --> src/source.rs:3:23
[INFO] [stdout]   |
[INFO] [stdout] 3 | use syntax::codemap::{mk_sp, Span, Pos, BytePos};
[INFO] [stdout]   |                       ^^^^^ no `mk_sp` in `codemap`
[INFO] [stdout] 
[INFO] [stdout] 
[INFO] [stdout] error[E0432]: unresolved import `syntax::parse::lexer::Reader`
[INFO] [stdout]  --> src/source.rs:4:42
[INFO] [stdout]   |
[INFO] [stdout] 4 | use syntax::parse::lexer::{StringReader, Reader};
[INFO] [stdout]   |                                          ^^^^^^ no `Reader` in `parse::lexer`
[INFO] [stdout] 
[INFO] [stdout] 
[INFO] [stdout] error[E0432]: unresolved import `syntax::codemap::mk_sp`
[INFO] [stdout]  --> src/token.rs:2:23
[INFO] [stdout]   |
[INFO] [stdout] 2 | use syntax::codemap::{mk_sp, Span, BytePos};
[INFO] [stdout]   |                       ^^^^^ no `mk_sp` in `codemap`
[INFO] [stdout] 
[INFO] [stdout] 
[INFO] [stdout] error[E0432]: unresolved import `syntax::codemap::mk_sp`
[INFO] [stdout]  --> src/unwrapped_line.rs:2:23
[INFO] [stdout]   |
[INFO] [stdout] 2 | use syntax::codemap::{mk_sp, BytePos};
[INFO] [stdout]   |                       ^^^^^ no `mk_sp` in `codemap`
[INFO] [stdout] 
[INFO] [stdout] 
[INFO] [stdout] error[E0432]: unresolved import `syntax::codemap::mk_sp`
[INFO] [stdout]  --> src/whitespace_manager.rs:5:23
[INFO] [stdout]   |
[INFO] [stdout] 5 | use syntax::codemap::{mk_sp, Span, BytePos};
[INFO] [stdout]   |                       ^^^^^ no `mk_sp` in `codemap`
[INFO] [stdout] 
[INFO] [stdout] 
[INFO] [stdout] error[E0433]: failed to resolve: could not find `Parser` in `toml`
[INFO] [stdout]   --> src/format_options.rs:70:32
[INFO] [stdout]    |
[INFO] [stdout] 70 |         let mut parser = toml::Parser::new(toml_text);
[INFO] [stdout]    |                                ^^^^^^ not found in `toml`
[INFO] [stdout]    |
[INFO] [stdout] help: consider importing one of these items
[INFO] [stdout]    |
[INFO] [stdout] 1  | use rustc_serialize::json::Parser;
[INFO] [stdout]    |
[INFO] [stdout] 1  | use syntax::parse::parser::Parser;
[INFO] [stdout]    |
[INFO] [stdout] 
[INFO] [stdout] 
[INFO] [stdout] error[E0425]: cannot find function `encode_str` in crate `toml`
[INFO] [stdout]   --> src/format_options.rs:98:15
[INFO] [stdout]    |
[INFO] [stdout] 98 |         toml::encode_str(self)
[INFO] [stdout]    |               ^^^^^^^^^^ not found in `toml`
[INFO] [stdout] 
[INFO] [stdout] 
[INFO] [stdout] error[E0412]: cannot find type `ParserError` in crate `toml`
[INFO] [stdout]    --> src/format_options.rs:160:26
[INFO] [stdout]     |
[INFO] [stdout] 160 |     ParseError(Vec<toml::ParserError>),
[INFO] [stdout]     |                          ^^^^^^^^^^^ not found in `toml`
[INFO] [stdout]     |
[INFO] [stdout] help: consider importing this enum
[INFO] [stdout]     |
[INFO] [stdout] 1   | use rustc_serialize::json::ParserError;
[INFO] [stdout]     |
[INFO] [stdout] 
[INFO] [stdout] 
[INFO] [stdout] error[E0425]: cannot find function `new_parse_sess` in module `syntax::parse`
[INFO] [stdout]   --> src/source.rs:20:37
[INFO] [stdout]    |
[INFO] [stdout] 20 |             session: syntax::parse::new_parse_sess(),
[INFO] [stdout]    |                                     ^^^^^^^^^^^^^^ not found in `syntax::parse`
[INFO] [stdout] 
[INFO] [stdout] 
[INFO] [stdout] error[E0425]: cannot find function `string_to_filemap` in module `syntax::parse`
[INFO] [stdout]    --> src/source.rs:46:38
[INFO] [stdout]     |
[INFO] [stdout] 46  |           let filemap = syntax::parse::string_to_filemap(&self.session, self.src.to_string(), name);
[INFO] [stdout]     |                                        ^^^^^^^^^^^^^^^^^ help: a function with a similar name exists: `file_to_filemap`
[INFO] [stdout]     | 
[INFO] [stdout]    ::: /opt/rustwide/cargo-home/registry/src/github.com-1ecc6299db9ec823/syntex_syntax-0.59.1/src/parse/mod.rs:202:1
[INFO] [stdout]     |
[INFO] [stdout] 202 | / fn file_to_filemap(sess: &ParseSess, path: &Path, spanopt: Option<Span>)
[INFO] [stdout] 203 | |                    -> Rc<FileMap> {
[INFO] [stdout] 204 | |     match sess.codemap().load_file(path) {
[INFO] [stdout] 205 | |         Ok(filemap) => filemap,
[INFO] [stdout] ...   |
[INFO] [stdout] 213 | |     }
[INFO] [stdout] 214 | | }
[INFO] [stdout]     | |_- similarly named function `file_to_filemap` defined here
[INFO] [stdout] 
[INFO] [stdout] 
[INFO] [stdout] error[E0603]: module `keywords` is private
[INFO] [stdout]   --> src/annotate.rs:2:27
[INFO] [stdout]    |
[INFO] [stdout] 2  | use syntax::parse::token::keywords::Keyword;
[INFO] [stdout]    |                           ^^^^^^^^ private module
[INFO] [stdout]    |
[INFO] [stdout] note: the module `keywords` is defined here
[INFO] [stdout]   --> /opt/rustwide/cargo-home/registry/src/github.com-1ecc6299db9ec823/syntex_syntax-0.59.1/src/parse/token.rs:19:5
[INFO] [stdout]    |
[INFO] [stdout] 19 | use symbol::keywords;
[INFO] [stdout]    |     ^^^^^^^^^^^^^^^^
[INFO] [stdout] 
[INFO] [stdout] 
[INFO] [stdout] error[E0603]: module `keywords` is private
[INFO] [stdout]   --> src/continuation_indenter.rs:4:27
[INFO] [stdout]    |
[INFO] [stdout] 4  | use syntax::parse::token::keywords::Keyword;
[INFO] [stdout]    |                           ^^^^^^^^ private module
[INFO] [stdout]    |
[INFO] [stdout] note: the module `keywords` is defined here
[INFO] [stdout]   --> /opt/rustwide/cargo-home/registry/src/github.com-1ecc6299db9ec823/syntex_syntax-0.59.1/src/parse/token.rs:19:5
[INFO] [stdout]    |
[INFO] [stdout] 19 | use symbol::keywords;
[INFO] [stdout]    |     ^^^^^^^^^^^^^^^^
[INFO] [stdout] 
[INFO] [stdout] 
[INFO] [stdout] error[E0603]: module `keywords` is private
[INFO] [stdout]   --> src/token.rs:3:27
[INFO] [stdout]    |
[INFO] [stdout] 3  | use syntax::parse::token::keywords::Keyword;
[INFO] [stdout]    |                           ^^^^^^^^ private module
[INFO] [stdout]    |
[INFO] [stdout] note: the module `keywords` is defined here
[INFO] [stdout]   --> /opt/rustwide/cargo-home/registry/src/github.com-1ecc6299db9ec823/syntex_syntax-0.59.1/src/parse/token.rs:19:5
[INFO] [stdout]    |
[INFO] [stdout] 19 | use symbol::keywords;
[INFO] [stdout]    |     ^^^^^^^^^^^^^^^^
[INFO] [stdout] 
[INFO] [stdout] 
[INFO] [stdout] error[E0603]: module `keywords` is private
[INFO] [stdout]   --> src/unwrapped_line.rs:3:27
[INFO] [stdout]    |
[INFO] [stdout] 3  | use syntax::parse::token::keywords::Keyword;
[INFO] [stdout]    |                           ^^^^^^^^ private module
[INFO] [stdout]    |
[INFO] [stdout] note: the module `keywords` is defined here
[INFO] [stdout]   --> /opt/rustwide/cargo-home/registry/src/github.com-1ecc6299db9ec823/syntex_syntax-0.59.1/src/parse/token.rs:19:5
[INFO] [stdout]    |
[INFO] [stdout] 19 | use symbol::keywords;
[INFO] [stdout]    |     ^^^^^^^^^^^^^^^^
[INFO] [stdout] 
[INFO] [stdout] 
[INFO] [stdout] warning: use of deprecated macro `try`: use the `?` operator instead
[INFO] [stdout]    --> src/annotate.rs:208:25
[INFO] [stdout]     |
[INFO] [stdout] 208 |                         try!(this.consume_token());
[INFO] [stdout]     |                         ^^^
[INFO] [stdout]     |
[INFO] [stdout]     = note: `#[warn(deprecated)]` on by default
[INFO] [stdout] 
[INFO] [stdout] 
[INFO] [stdout] warning: use of deprecated macro `try`: use the `?` operator instead
[INFO] [stdout]    --> src/annotate.rs:236:25
[INFO] [stdout]     |
[INFO] [stdout] 236 |                         try!(this.consume_token());
[INFO] [stdout]     |                         ^^^
[INFO] [stdout] 
[INFO] [stdout] 
[INFO] [stdout] warning: use of deprecated macro `try`: use the `?` operator instead
[INFO] [stdout]    --> src/annotate.rs:259:25
[INFO] [stdout]     |
[INFO] [stdout] 259 |                         try!(this.consume_token());
[INFO] [stdout]     |                         ^^^
[INFO] [stdout] 
[INFO] [stdout] 
[INFO] [stdout] warning: use of deprecated macro `try`: use the `?` operator instead
[INFO] [stdout]    --> src/annotate.rs:282:25
[INFO] [stdout]     |
[INFO] [stdout] 282 |                         try!(this.consume_token());
[INFO] [stdout]     |                         ^^^
[INFO] [stdout] 
[INFO] [stdout] 
[INFO] [stdout] warning: use of deprecated macro `try`: use the `?` operator instead
[INFO] [stdout]   --> src/format_options.rs:61:25
[INFO] [stdout]    |
[INFO] [stdout] 61 |                   $field: try!(process_field($default.$field, stringify!($field), &mut $result)),
[INFO] [stdout]    |                           ^^^
[INFO] [stdout] ...
[INFO] [stdout] 76 |           let style = process_fields!(default_style, parser_result, {
[INFO] [stdout]    |  _____________________-
[INFO] [stdout] 77 | |             bin_pack_arguments,
[INFO] [stdout] 78 | |             bin_pack_parameters,
[INFO] [stdout] 79 | |             bin_pack_patterns,
[INFO] [stdout] ...  |
[INFO] [stdout] 86 | |             penalty_excess_character
[INFO] [stdout] 87 | |         });
[INFO] [stdout]    | |__________- in this macro invocation
[INFO] [stdout]    |
[INFO] [stdout]    = note: this warning originates in a macro (in Nightly builds, run with -Z macro-backtrace for more info)
[INFO] [stdout] 
[INFO] [stdout] 
[INFO] [stdout] warning: unused import: `BinOp`
[INFO] [stdout]  --> src/token.rs:4:35
[INFO] [stdout]   |
[INFO] [stdout] 4 | use syntax::parse::token::{Token, BinOp, BinOpToken};
[INFO] [stdout]   |                                   ^^^^^
[INFO] [stdout]   |
[INFO] [stdout]   = note: `#[warn(unused_imports)]` on by default
[INFO] [stdout] 
[INFO] [stdout] 
[INFO] [stdout] error[E0433]: failed to resolve: could not find `Parser` in `toml`
[INFO] [stdout]   --> src/format_options.rs:70:32
[INFO] [stdout]    |
[INFO] [stdout] 70 |         let mut parser = toml::Parser::new(toml_text);
[INFO] [stdout]    |                                ^^^^^^ not found in `toml`
[INFO] [stdout]    |
[INFO] [stdout] help: consider importing one of these items
[INFO] [stdout]    |
[INFO] [stdout] 1  | use rustc_serialize::json::Parser;
[INFO] [stdout]    |
[INFO] [stdout] 1  | use syntax::parse::parser::Parser;
[INFO] [stdout]    |
[INFO] [stdout] 
[INFO] [stdout] 
[INFO] [stdout] error[E0425]: cannot find function `encode_str` in crate `toml`
[INFO] [stdout]   --> src/format_options.rs:98:15
[INFO] [stdout]    |
[INFO] [stdout] 98 |         toml::encode_str(self)
[INFO] [stdout]    |               ^^^^^^^^^^ not found in `toml`
[INFO] [stdout] 
[INFO] [stdout] 
[INFO] [stdout] error[E0412]: cannot find type `ParserError` in crate `toml`
[INFO] [stdout]    --> src/format_options.rs:160:26
[INFO] [stdout]     |
[INFO] [stdout] 160 |     ParseError(Vec<toml::ParserError>),
[INFO] [stdout]     |                          ^^^^^^^^^^^ not found in `toml`
[INFO] [stdout]     |
[INFO] [stdout] help: consider importing this enum
[INFO] [stdout]     |
[INFO] [stdout] 1   | use rustc_serialize::json::ParserError;
[INFO] [stdout]     |
[INFO] [stdout] 
[INFO] [stdout] 
[INFO] [stdout] error[E0425]: cannot find function `new_parse_sess` in module `syntax::parse`
[INFO] [stdout]   --> src/source.rs:20:37
[INFO] [stdout]    |
[INFO] [stdout] 20 |             session: syntax::parse::new_parse_sess(),
[INFO] [stdout]    |                                     ^^^^^^^^^^^^^^ not found in `syntax::parse`
[INFO] [stdout] 
[INFO] [stdout] 
[INFO] [stdout] error[E0425]: cannot find function `string_to_filemap` in module `syntax::parse`
[INFO] [stdout]    --> src/source.rs:46:38
[INFO] [stdout]     |
[INFO] [stdout] 46  |           let filemap = syntax::parse::string_to_filemap(&self.session, self.src.to_string(), name);
[INFO] [stdout]     |                                        ^^^^^^^^^^^^^^^^^ help: a function with a similar name exists: `file_to_filemap`
[INFO] [stdout]     | 
[INFO] [stdout]    ::: /opt/rustwide/cargo-home/registry/src/github.com-1ecc6299db9ec823/syntex_syntax-0.59.1/src/parse/mod.rs:202:1
[INFO] [stdout]     |
[INFO] [stdout] 202 | / fn file_to_filemap(sess: &ParseSess, path: &Path, spanopt: Option<Span>)
[INFO] [stdout] 203 | |                    -> Rc<FileMap> {
[INFO] [stdout] 204 | |     match sess.codemap().load_file(path) {
[INFO] [stdout] 205 | |         Ok(filemap) => filemap,
[INFO] [stdout] ...   |
[INFO] [stdout] 213 | |     }
[INFO] [stdout] 214 | | }
[INFO] [stdout]     | |_- similarly named function `file_to_filemap` defined here
[INFO] [stdout] 
[INFO] [stdout] 
[INFO] [stdout] error[E0603]: module `keywords` is private
[INFO] [stdout]   --> src/annotate.rs:2:27
[INFO] [stdout]    |
[INFO] [stdout] 2  | use syntax::parse::token::keywords::Keyword;
[INFO] [stdout]    |                           ^^^^^^^^ private module
[INFO] [stdout]    |
[INFO] [stdout] note: the module `keywords` is defined here
[INFO] [stdout]   --> /opt/rustwide/cargo-home/registry/src/github.com-1ecc6299db9ec823/syntex_syntax-0.59.1/src/parse/token.rs:19:5
[INFO] [stdout]    |
[INFO] [stdout] 19 | use symbol::keywords;
[INFO] [stdout]    |     ^^^^^^^^^^^^^^^^
[INFO] [stdout] 
[INFO] [stdout] 
[INFO] [stdout] error[E0603]: module `keywords` is private
[INFO] [stdout]   --> src/continuation_indenter.rs:4:27
[INFO] [stdout]    |
[INFO] [stdout] 4  | use syntax::parse::token::keywords::Keyword;
[INFO] [stdout]    |                           ^^^^^^^^ private module
[INFO] [stdout]    |
[INFO] [stdout] note: the module `keywords` is defined here
[INFO] [stdout]   --> /opt/rustwide/cargo-home/registry/src/github.com-1ecc6299db9ec823/syntex_syntax-0.59.1/src/parse/token.rs:19:5
[INFO] [stdout]    |
[INFO] [stdout] 19 | use symbol::keywords;
[INFO] [stdout]    |     ^^^^^^^^^^^^^^^^
[INFO] [stdout] 
[INFO] [stdout] 
[INFO] [stdout] error[E0603]: module `keywords` is private
[INFO] [stdout]   --> src/token.rs:3:27
[INFO] [stdout]    |
[INFO] [stdout] 3  | use syntax::parse::token::keywords::Keyword;
[INFO] [stdout]    |                           ^^^^^^^^ private module
[INFO] [stdout]    |
[INFO] [stdout] note: the module `keywords` is defined here
[INFO] [stdout]   --> /opt/rustwide/cargo-home/registry/src/github.com-1ecc6299db9ec823/syntex_syntax-0.59.1/src/parse/token.rs:19:5
[INFO] [stdout]    |
[INFO] [stdout] 19 | use symbol::keywords;
[INFO] [stdout]    |     ^^^^^^^^^^^^^^^^
[INFO] [stdout] 
[INFO] [stdout] 
[INFO] [stdout] error[E0603]: module `keywords` is private
[INFO] [stdout]   --> src/unwrapped_line.rs:3:27
[INFO] [stdout]    |
[INFO] [stdout] 3  | use syntax::parse::token::keywords::Keyword;
[INFO] [stdout]    |                           ^^^^^^^^ private module
[INFO] [stdout]    |
[INFO] [stdout] note: the module `keywords` is defined here
[INFO] [stdout]   --> /opt/rustwide/cargo-home/registry/src/github.com-1ecc6299db9ec823/syntex_syntax-0.59.1/src/parse/token.rs:19:5
[INFO] [stdout]    |
[INFO] [stdout] 19 | use symbol::keywords;
[INFO] [stdout]    |     ^^^^^^^^^^^^^^^^
[INFO] [stdout] 
[INFO] [stdout] 
[INFO] [stdout] warning: use of deprecated macro `try`: use the `?` operator instead
[INFO] [stdout]    --> src/annotate.rs:208:25
[INFO] [stdout]     |
[INFO] [stdout] 208 |                         try!(this.consume_token());
[INFO] [stdout]     |                         ^^^
[INFO] [stdout]     |
[INFO] [stdout]     = note: `#[warn(deprecated)]` on by default
[INFO] [stdout] 
[INFO] [stdout] 
[INFO] [stdout] warning: use of deprecated macro `try`: use the `?` operator instead
[INFO] [stdout]    --> src/annotate.rs:236:25
[INFO] [stdout]     |
[INFO] [stdout] 236 |                         try!(this.consume_token());
[INFO] [stdout]     |                         ^^^
[INFO] [stdout] 
[INFO] [stdout] 
[INFO] [stdout] warning: use of deprecated macro `try`: use the `?` operator instead
[INFO] [stdout]    --> src/annotate.rs:259:25
[INFO] [stdout]     |
[INFO] [stdout] 259 |                         try!(this.consume_token());
[INFO] [stdout]     |                         ^^^
[INFO] [stdout] 
[INFO] [stdout] 
[INFO] [stdout] warning: use of deprecated macro `try`: use the `?` operator instead
[INFO] [stdout]    --> src/annotate.rs:282:25
[INFO] [stdout]     |
[INFO] [stdout] 282 |                         try!(this.consume_token());
[INFO] [stdout]     |                         ^^^
[INFO] [stdout] 
[INFO] [stdout] 
[INFO] [stdout] warning: use of deprecated macro `try`: use the `?` operator instead
[INFO] [stdout]   --> src/format_options.rs:61:25
[INFO] [stdout]    |
[INFO] [stdout] 61 |                   $field: try!(process_field($default.$field, stringify!($field), &mut $result)),
[INFO] [stdout]    |                           ^^^
[INFO] [stdout] ...
[INFO] [stdout] 76 |           let style = process_fields!(default_style, parser_result, {
[INFO] [stdout]    |  _____________________-
[INFO] [stdout] 77 | |             bin_pack_arguments,
[INFO] [stdout] 78 | |             bin_pack_parameters,
[INFO] [stdout] 79 | |             bin_pack_patterns,
[INFO] [stdout] ...  |
[INFO] [stdout] 86 | |             penalty_excess_character
[INFO] [stdout] 87 | |         });
[INFO] [stdout]    | |__________- in this macro invocation
[INFO] [stdout]    |
[INFO] [stdout]    = note: this warning originates in a macro (in Nightly builds, run with -Z macro-backtrace for more info)
[INFO] [stdout] 
[INFO] [stdout] 
[INFO] [stdout] warning: unused import: `BinOp`
[INFO] [stdout]  --> src/token.rs:4:35
[INFO] [stdout]   |
[INFO] [stdout] 4 | use syntax::parse::token::{Token, BinOp, BinOpToken};
[INFO] [stdout]   |                                   ^^^^^
[INFO] [stdout]   |
[INFO] [stdout]   = note: `#[warn(unused_imports)]` on by default
[INFO] [stdout] 
[INFO] [stdout] 
[INFO] [stdout] error[E0277]: the size for values of type `Self` cannot be known at compilation time
[INFO] [stdout]    --> src/format_options.rs:110:48
[INFO] [stdout]     |
[INFO] [stdout] 110 |     fn from_value(key: &str, value: &Value) -> Result<Self, StyleParseError>;
[INFO] [stdout]     |                                                ^^^^^^^^^^^^^^^^^^^^^^^^^^^^^ doesn't have a size known at compile-time
[INFO] [stdout]     |
[INFO] [stdout] help: consider further restricting `Self`
[INFO] [stdout]     |
[INFO] [stdout] 110 |     fn from_value(key: &str, value: &Value) -> Result<Self, StyleParseError> where Self: Sized;
[INFO] [stdout]     |                                                                              ^^^^^^^^^^^^^^^^^
[INFO] [stdout] 
[INFO] [stdout] 
[INFO] [stdout] error[E0277]: the size for values of type `Self` cannot be known at compilation time
[INFO] [stdout]    --> src/format_options.rs:110:48
[INFO] [stdout]     |
[INFO] [stdout] 110 |     fn from_value(key: &str, value: &Value) -> Result<Self, StyleParseError>;
[INFO] [stdout]     |                                                ^^^^^^^^^^^^^^^^^^^^^^^^^^^^^ doesn't have a size known at compile-time
[INFO] [stdout]     |
[INFO] [stdout] help: consider further restricting `Self`
[INFO] [stdout]     |
[INFO] [stdout] 110 |     fn from_value(key: &str, value: &Value) -> Result<Self, StyleParseError> where Self: Sized;
[INFO] [stdout]     |                                                                              ^^^^^^^^^^^^^^^^^
[INFO] [stdout] 
[INFO] [stdout] 
[INFO] [stdout] error: aborting due to 16 previous errors; 6 warnings emitted
[INFO] [stdout] 
[INFO] [stdout] 
[INFO] [stdout] Some errors have detailed explanations: E0277, E0412, E0425, E0432, E0433, E0603.
[INFO] [stdout] 
[INFO] [stdout] For more information about an error, try `rustc --explain E0277`.
[INFO] [stdout] 
[INFO] [stdout] error: aborting due to 16 previous errors; 6 warnings emitted
[INFO] [stdout] 
[INFO] [stdout] 
[INFO] [stdout] Some errors have detailed explanations: E0277, E0412, E0425, E0432, E0433, E0603.
[INFO] [stdout] 
[INFO] [stdout] For more information about an error, try `rustc --explain E0277`.
[INFO] [stdout] 
[INFO] [stderr] error: could not compile `rust-style`.
[INFO] [stderr] 
[INFO] [stderr] To learn more, run the command again with --verbose.
[INFO] [stderr] warning: build failed, waiting for other jobs to finish...
[INFO] [stderr] error: build failed
[INFO] running `Command { std: "docker" "inspect" "d000e2746a92706a0e4f6f4a1c4a2f71d407cf36eb240610f03495c0a529c47e", kill_on_drop: false }`
[INFO] running `Command { std: "docker" "rm" "-f" "d000e2746a92706a0e4f6f4a1c4a2f71d407cf36eb240610f03495c0a529c47e", kill_on_drop: false }`
[INFO] [stdout] d000e2746a92706a0e4f6f4a1c4a2f71d407cf36eb240610f03495c0a529c47e
